2. List the prime factors of s(o).
7, 13
Let x be 2/((-4)/(-10)) + -1. Let g(s) = 2*s - 6. Let y be g(x). Suppose 0 = -y*t + 8, -3*n + 5*t = -5*n + 78. List the prime factors of n.
29
Suppose 4*i + 18 = 10*i. What are the prime factors of 1*(3 - i - -84)?
2, 3, 7
Let w(g) = 7*g**2 + g - 6. Let t be w(-3). Let i = 65 - t. What are the prime factors of i?
11
Let n(a) = 60*a - 111. List the prime factors of n(15).
3, 263
Let n(r) = -r**2 + 89*r + 11. List the prime factors of n(17).
5, 13, 19
Suppose 11*i + 1671 = 4465. What are the prime factors of i?
2, 127
Let r(a) = a**3 - 7*a**2 - a + 9. Let c be r(7). Let o be c/(-3)*(-204)/(-8). Let x = -15 - o. List the prime factors of x.
2
Let u be (-3088)/(-36) - (-2)/18*2. Let g = u - 59. What are the prime factors of g?
3
Suppose b - 20 = -4*b. Suppose b*i + i - 360 = 0. What are the prime factors of i?
2, 3
Let g = 28 - 32. List the prime factors of (2/(-3))/(g/54).
3
Suppose 7*i = 5*i + 296. Suppose i = -5*k + 38. Let g = k + 45. List the prime factors of g.
23
Let m(z) = 17*z + 12. Let a(g) = -g + 4. Let t be a(9). Let n be m(t). Let i = n + 119. List the prime factors of i.
2, 23
Suppose -7*b + 260 = 2*x - 11*b, 0 = 3*x + 3*b - 426. What are the prime factors of x?
2, 3, 23
Let p = 135 + 117. What are the prime factors of (-1)/(1 - p/248)?
2, 31
Let q be 0/(-1) + (22 - 16). Suppose 3 = -2*u + 7. Suppose -r + q = u*r. List the prime factors of r.
2
Let r = 1393 + -789. List the prime factors of r.
2, 151
Let q be 2/2*(2 + -2). Suppose -4*a = -q*a - 12. Suppose -n - a*n = -64. List the prime factors of n.
2
Suppose -1426 - 1277 = -17*b. What are the prime factors of b?
3, 53
What are the prime factors of 24/(-40) + ((-9776)/(-10) - 1)?
2, 61
Let c be 59/(4/(0 - -8)). Let t = 197 - c. What are the prime factors of t?
79
Let o(w) be the second derivative of w**4/12 + 3*w**3/2 + w**2 - 3*w. Let r be o(-9). Suppose 7 = r*p - 1. What are the prime factors of p?
2
Let f be (-4 + 1)*(-2 - 17). Let v = 41 - 36. Suppose f = -v*n + 6*n. What are the prime factors of n?
3, 19
Suppose -24*n + 5256 = 12*n. What are the prime factors of n?
2, 73
Let m(i) = -1 - 1 + 0 + 0 + 43*i. What are the prime factors of m(1)?
41
Suppose 11*d - 2062 = 9*d + 5*f, -2060 = -2*d + 4*f. What are the prime factors of d?
2, 3, 19
Let b be (-1131)/(-221) + 2/(-17). Suppose 0 = -n - 2*n - 3, 4*o - b*n = 313. List the prime factors of o.
7, 11
Suppose 5*n + 0*n - 32 = 3*s, 3 = 3*s. Suppose 0 = 4*g - n*g + 132. List the prime factors of g.
2, 11
Suppose 0 = 83*i - 88*i + 2455. What are the prime factors of i?
491
Let r = 9 - -9. Suppose 20*a - 12 = r*a. What are the prime factors of a?
2, 3
Let v = 1079 + -738. List the prime factors of v.
11, 31
Suppose s - 6 = -0. Suppose s*m - 150 = m. List the prime factors of m.
2, 3, 5
Suppose 0 = 4*t - 4*s - 2132, 3*s + 2*s - 545 = -t. Suppose t = 9*u - 14. What are the prime factors of u?
61
Let z be ((-20)/(-16))/(-2 - (-7)/4). What are the prime factors of z*(-4)/10 - -107?
109
Let j(t) = -t**2 + 8*t + 10. Let o be j(9). Suppose 5*n - 60 = 20. Let a = o + n. List the prime factors of a.
17
Let d(v) = 15*v**2 + 11*v - 23. Let t be d(3). Suppose -a + 3*a - o = t, 0 = a - 4*o - 76. List the prime factors of a.
2, 3
Let h = 422 - -796. List the prime factors of h.
2, 3, 7, 29
Let x = 958 - 941. What are the prime factors of x?
17
Suppose -2*j = -3*j - 8. Suppose -10*l + 8 = -12*l. List the prime factors of (-2 - l)*(-148)/j.
37
Let c(q) = -8*q**3 - 4*q**2 - 16*q - 125. What are the prime factors of c(-5)?
3, 5, 19
List the prime factors of (-2)/(-12) - ((-3111)/18 + -1).
2, 3, 29
Suppose j - 10 + 4 = 0. Suppose -j*h + 2159 = 41. What are the prime factors of h?
353
Let o(h) = 131*h**2 - 3*h - 11. List the prime factors of o(3).
19, 61
Let x(b) = -3*b**3 + 2*b**2 - 3*b - 3. Suppose 0 = 3*l - 0*l - 2*u + 11, -4*l = 5*u + 7. List the prime factors of x(l).
3, 5, 7
Suppose 0 = -5*w - 3*y + 1677, 2*y - 1340 = -4*w - 0*w. List the prime factors of w.
3, 37
Let o(n) be the third derivative of -n**5/60 - n**4/12 + 2*n**3/3 - 4*n**2. Let h be o(-4). What are the prime factors of 6/h*(-132)/9?
2, 11
Suppose -14*z - 16 = -18*z. Suppose -q - 4*q - 2*y = -352, z*q = -4*y + 272. List the prime factors of q.
2, 3
Suppose 0 = 4*d + 20 - 12. What are the prime factors of (1 - 0) + (d - -81)?
2, 5
Let y = -50 + -190. Let g = y + 493. Suppose -5*l - 13 + g = 0. What are the prime factors of l?
2, 3
List the prime factors of (4/(-8))/(19972/(-3328) + 6).
2, 13
Let u(x) = 5*x - 10. Let d(k) = -k + 6. Let t be d(3). Let b be u(t). Suppose m - 55 = -b*h, 4*m - 151 = 4*h - h. What are the prime factors of m?
2, 5
Let s be 24964/32 - (-1)/(-8). What are the prime factors of (s/(-48))/((-2)/8)?
5, 13
Let u = 12 + -14. Let f be u/(-5) + 39/15. Suppose -48 = -f*c + 9. List the prime factors of c.
19
Let c = 702 + -128. List the prime factors of c.
2, 7, 41
Suppose -11*w + 8*w = -108. Let g = -35 + -91. What are the prime factors of (g/(-4))/(w/48)?
2, 3, 7
Let f = 210 + 114. What are the prime factors of f?
2, 3
Let o = -12 - 3. Let g be (-24)/(-3) + -6 - 191. What are the prime factors of 3/(-5) + g/o?
2, 3
Let i = 1134 - 831. What are the prime factors of i?
3, 101
Suppose -266 = 20*b - 7446. What are the prime factors of b?
359
Suppose 4*k - 260 = -3*y, -4*k + 2*y + 256 = 6*y. What are the prime factors of k?
2, 17
List the prime factors of 5/((-10)/6) + (-5 - -152).
2, 3
Let m = -1548 + 2017. What are the prime factors of m?
7, 67
Let l(f) = -302*f**3 - 5*f**2 - 3*f - 4. What are the prime factors of l(-2)?
2, 11, 109
Suppose 3*v + 10 = 4*g - 6, 0 = -v. Suppose 22 - 306 = -g*r. What are the prime factors of r?
71
Suppose 0 = -10*h + 20596 - 4016. What are the prime factors of h?
2, 829
Let g be 95 + (-5)/10*0. Suppose g = 5*w - 10. List the prime factors of w.
3, 7
Let y(i) = 23*i + 33. Let h be y(-7). Let g = h + 153. List the prime factors of g.
5
Let x(l) = 2*l**3 - 2*l**2 + 2*l. Let y be x(2). Let s = -10 + y. Let q(p) = 3*p**3 - p**2 - 1. List the prime factors of q(s).
19
Let f be (-1)/(-2) - 75/(-10). Suppose 4*q - 33 = 4*y + 95, 0 = -4*y - f. What are the prime factors of q?
2, 3, 5
Let q(r) = 2*r. Let g be q(-2). What are the prime factors of 7/14*(g + 14)?
5
Suppose 3*i = 3*z - i - 1339, -4 = -2*i. What are the prime factors of z?
449
Suppose -4*t = -5*g + t + 15, 0 = -g - 5*t - 15. Let x(a) = 6*a + 5*a + g*a. List the prime factors of x(2).
2, 11
Let n be ((-32)/(-14))/((-8)/(-28)). Let v = 9 + n. List the prime factors of v.
17
Suppose -r = 2*m - 0*m - 841, 433 = m + 3*r. List the prime factors of m.
2, 11, 19
Suppose 0*v = 5*v + 5. What are the prime factors of (v*1386/(-30))/((-2)/(-10))?
3, 7, 11
Let y(x) = x**3 - 3*x**2 + x - 2. Suppose 0 = 2*w + w - 12. Let g be y(w). Let p = g + -11. What are the prime factors of p?
7
Let s = -294 - -419. What are the prime factors of s?
5
List the prime factors of (165/4)/(8/96).
3, 5, 11
Suppose 5*c - 12 = 2*c, -18 = 3*a - 3*c. List the prime factors of a/2 + -5 + 45.
3, 13
Suppose -2*v = -4*v + 46. Suppose 5*l = -15, -69 = 3*n + 2*n + 3*l. Let u = v + n. List the prime factors of u.
11
Let g(s) = s**2 - 7*s + 63. What are the prime factors of g(14)?
7, 23
Let z(u) = 6*u**2 - u. Let t be z(1). Let q = 52 - 47. Suppose 2*b - 161 = m - 0*m, -q*b + t*m = -405. What are the prime factors of b?
2, 5
Let z = 27 + -19. Suppose 4 = 2*u - 3*o, 2*o = -5*u - 1 - z. List the prime factors of 3*u/(12/(-20)).
5
Let d be (-1 + 4/10)*-5. Suppose -2*g = m - 62, 5*g = -d*m + 116 + 39. Let k = g - 9. What are the prime factors of k?
2, 11
Suppose -5*g + g = 4*m - 3364, 0 = -5*g + 2*m + 4170. What are the prime factors of g?
2, 11, 19
Suppose 12 = 5*v + 3*u, 4*u + 4 = -5*v + 5*u. Let r(m) = m**2 + 3*m + 2. Let p be r(3). List the prime factors of 1/(4/p + v).
5
Let x be 27/2 + 2/(-4). Suppose -3*d + 152 = -61. Suppose d = 4*a - x. What are the prime factors of a?
3, 7
Let q = -10 - -4. Let h be (-8 + -1)*2/q. Suppose 4*s = 5*i - 85, h*s - 99 = i - 5*i. List the prime factors of i.
3, 7
Let z = -22 - -22. Let h = z + 5. What are the prime factors of 3/h*(1 - -9)?
2, 3
Let h = 334 - 191. List the prime factors of h.
11, 13
Suppose p - 17*s - 805 = -12*s, 0 = 2*p + 2*s - 1562. What ar